alculate the remainder when 390 is divided by 18.
12
Calculate the remainder when 491 is divided by 55.
51
Calculate the remainder when 427 is divided by 143.
141
What is the remainder when 869 is divided by 7?
1
What is the remainder when 1648 is divided by 1615?
33
Calculate the remainder when 4346 is divided by 9.
8
What is the remainder when 15914 is divided by 35?
24
Calculate the remainder when 3088 is divided by 11.
8
Calculate the remainder when 834 is divided by 44.
42
Calculate the remainder when 376 is divided by 18.
16
Calculate the remainder when 22540 is divided by 16.
12
What is the remainder when 5 is divided by 3?
2
What is the remainder when 512 is divided by 12?
8
Calculate the remainder when 1156 is divided by 20.
16
Calculate the remainder when 184 is divided by 38.
32
Calculate the remainder when 8 is divided by 5.
3
What is the remainder when 223 is divided by 76?
71
Calculate the remainder when 293 is divided by 59.
57
What is the remainder when 109 is divided by 15?
4
Calculate the remainder when 155 is divided by 33.
23
Calculate the remainder when 1671 is divided by 22.
21
Calculate the remainder when 71 is divided by 16.
7
What is the remainder when 14621 is divided by 21?
5
What is the remainder when 179 is divided by 4?
3
Calculate the remainder when 36 is divided by 29.
7
Calculate the remainder when 117 is divided by 40.
37
Calculate the remainder when 1023 is divided by 64.
63
What is the remainder when 204 is divided by 92?
20
What is the remainder when 163 is divided by 26?
7
What is the remainder when 6304 is divided by 6?
4
What is the remainder when 3918 is divided by 975?
18
What is the remainder when 3890 is divided by 3868?
22
Calculate the remainder when 7438 is divided by 186.
184
Calculate the remainder when 363 is divided by 126.
111
Calculate the remainder when 1467 is divided by 181.
19
What is the remainder when 29 is divided by 8?
5
Calculate the remainder when 433 is divided by 31.
30
What is the remainder when 645 is divided by 165?
150
Calculate the remainder when 1886 is divided by 1881.
5
What is the remainder when 94 is divided by 27?
13
What is the remainder when 178 is divided by 129?
49
What is the remainder when 1496 is divided by 46?
24
Calculate the remainder when 5596 is divided by 71.
58
Calculate the remainder when 1143 is divided by 5.
3
What is the remainder when 1031 is divided by 343?
2
Calculate the remainder when 723 is divided by 121.
118
What is the remainder when 120 is divided by 31?
27
Calculate the remainder when 127 is divided by 43.
41
What is the remainder when 443 is divided by 84?
23
What is the remainder when 94 is divided by 8?
6
What is the remainder when 122 is divided by 55?
12
Calculate the remainder when 923 is divided by 66.
65
Calculate the remainder when 854 is divided by 267.
53
Calculate the remainder when 252 is divided by 69.
45
Calculate the remainder when 460 is divided by 46.
0
Calculate the remainder when 5974 is divided by 299.
293
What is the remainder when 244 is divided by 19?
16
What is the remainder when 155 is divided by 26?
25
Calculate the remainder when 96 is divided by 25.
21
Calculate the remainder when 397 is divided by 57.
55
What is the remainder when 330 is divided by 58?
40
What is the remainder when 2780 is divided by 556?
0
What is the remainder when 1663 is divided by 44?
35
What is the remainder when 546 is divided by 186?
174
Calculate the remainder when 38 is divided by 15.
8
Calculate the remainder when 164 is divided by 18.
2
What is the remainder when 427 is divided by 38?
9
What is the remainder when 4380 is divided by 1457?
9
Calculate the remainder when 102 is divided by 44.
14
What is the remainder when 164 is divided by 35?
24
Calculate the remainder when 208 is divided by 75.
58
What is the remainder when 6979 is divided by 30?
19
What is the remainder when 365 is divided by 190?
175
Calculate the remainder when 31616 is divided by 31.
27
Calculate the remainder when 1264 is divided by 53.
45
Calculate the remainder when 4074 is divided by 16.
10
Calculate the remainder when 736 is divided by 82.
80
Calculate the remainder when 2113 is divided by 425.
413
Calculate the remainder when 4880 is divided by 132.
128
What is the remainder when 190 is divided by 70?
50
What is the remainder when 83 is divided by 31?
21
Calculate the remainder when 988 is divided by 18.
16
Calculate the remainder when 471 is divided by 105.
51
Calculate the remainder when 52 is divided by 11.
8
What is the remainder when 137 is divided by 75?
62
What is the remainder when 162 is divided by 15?
12
What is the remainder when 7568 is divided by 87?
86
Calculate the remainder when 123 is divided by 4.
3
What is the remainder when 25313 is divided by 305?
303
What is the remainder when 1257 is divided by 30?
27
What is the remainder when 3222 is divided by 62?
60
Calculate the remainder when 26 is divided by 17.
9
Calculate the remainder when 1833 is divided by 457.
5
Calculate the remainder when 106 is divided by 22.
18
What is the remainder when 387 is divided by 13?
10
What is the remainder when 403 is divided by 82?
75
Calculate the remainder when 2073 is divided by 514.
17
What is the remainder when 559 is divided by 28?
27
Calculate the remainder when 313 is divided by 79.
76
Calculate the remainder when 3716 is divided by 619.
2
What is the remainder when 186 is divided by 39?
30
What is the remainder when 93 is divided by 16?
13
Calculate the remainder when 698 is divided by 117.
113
What is the remainder when 160 is divided by 7?
6
Calculate the remainder when 134 is divided by 17.
15
Calculate the remainder when 57 is divided by 21.
15
Calculate the remainder when 344 is divided by 15.
14
What is the remainder when 38 is divided by 18?
2
What is the remainder when 332 is divided by 21?
17
Calculate the remainder when 3038 is divided by 40.
38
Calculate the remainder when 569 is divided by 53.
39
Calculate the remainder when 763 is divided by 157.
135
What is the remainder when 3315 is divided by 28?
11
What is the remainder when 22 is divided by 10?
2
Calculate the remainder when 110 is divided by 98.
12
Calculate the remainder when 95 is divided by 34.
27
Calculate the remainder when 3342 is divided by 22.
20
What is the remainder when 2501 is divided by 314?
303
Calculate the remainder when 60 is divided by 7.
4
What is the remainder when 150 is divided by 102?
48
Calculate the remainder when 285 is divided by 99.
87
Calculate the remainder when 188 is divided by 35.
13
Calculate the remainder when 58 is divided by 32.
26
Calculate the remainder when 4675 is divided by 234.
229
Calculate the remainder when 230 is divided by 113.
4
What is the remainder when 175 is divided by 8?
7
Calculate the remainder when 203 is divided by 64.
11
What is the remainder when 135 is divided by 17?
16
Calculate the remainder when 1747 is divided by 24.
19
Calculate the remainder when 163 is divided by 58.
47
What is the remainder when 1090 is divided by 387?
316
What is the remainder when 826 is divided by 402?
22
Calculate the remainder when 286 is divided by 32.
30
What is the remainder when 178 is divided by 38?
26
What is the remainder when 473 is divided by 163?
147
Calculate the remainder when 110 is divided by 7.
5
Calculate the remainder when 624 is divided by 335.
289
What is the remainder when 18 is divided by 8?
2
Calculate the remainder when 510 is divided by 220.
70
What is the remainder when 482 is divided by 97?
94
What is the remainder when 263 is divided by 38?
35
What is the remainder when 55 is divided by 8?
7
What is the remainder when 534 is divided by 221?
92
Calculate the remainder when 2522 is divided by 55.
47
Calculate the remainder when 2173 is divided by 136.
133
What is the remainder when 131 is divided by 7?
5
Calculate the remainder when 71 is divided by 6.
5
What is the remainder when 10836 is divided by 78?
72
What is the remainder when 1467 is divided by 42?
39
Calculate the remainder when 334 is divided by 24.
22
What is the remainder when 1205 is divided by 81?
71
Calculate the remainder when 169 is divided by 35.
29
What is the remainder when 295 is divided by 106?
83
Calculate the remainder when 50 is divide